12*l**2 - 12*l - 11. Let u be r(-11). Suppose c + x = -u*x + 39, 4*c - 158 = -2*x. What is the tens digit of c?
4
Let o(b) = -2*b + 3. Let w(x) = 7*x - 8. Let q = 9 - 12. Let d(v) = q*w(v) - 8*o(v). What is the units digit of d(-4)?
0
Let n(d) = d**3 - 14*d**2 + 32*d + 45. What is the thousands digit of n(19)?
2
Let a = 278 - 19. What is the tens digit of a?
5
What is the units digit of (296/(-48) - -3)*-6?
9
Suppose -m + 7 - 1 = 0. What is the units digit of (m/(-9))/((-2)/156)?
2
Let a(x) = -2*x**3 + 29*x**2 + 40*x - 16. What is the tens digit of a(15)?
5
What is the hundreds digit of 7065/12 - 1/(-4)?
5
Suppose -69*i + 51*i = -9936. What is the hundreds digit of i?
5
Suppose 3*f - 11 = -5*u, -3*f - 2*u - u = -9. Let d be (-13)/((-1 + 0)/f). Suppose 0 = 2*y - 0*y - d. What is the units digit of y?
3
Let n(h) = 89*h**2. Suppose -3 = l - v, -3*l + 6*v - 11 = 2*v. What is the units digit of n(l)?
9
Let i = -356 - -650. What is the hundreds digit of i?
2
Suppose 6*c = c - 85. Let r = c + 45. What is the tens digit of r?
2
Let x(w) be the first derivative of 7*w**3/3 + 7*w**2/2 + 15*w + 16. What is the tens digit of x(-7)?
0
Suppose -5*k - 5*k + 5220 = 0. What is the units digit of k?
2
Let l(v) = v**3 - 9*v**2 - 4*v + 6. Let i be l(9). Let m be (-380)/i - 2/(-6). Suppose 89 = 6*h - m. What is the units digit of h?
7
Suppose 8*x - 13*x + 870 = 0. What is the tens digit of x?
7
Let j be (-10)/6 - 320/(-30). What is the units digit of 1048/6 - 6/j?
4
What is the units digit of (-3)/(-9)*-21*(-2840)/14?
0
Suppose -8864 = -17*z - 347. What is the units digit of z?
1
Let v = 399 - -2028. What is the units digit of v?
7
Let b(y) = 16*y**3 + y - 1. Let l(i) = 6*i - 9. Let d be l(4). Let r = -14 + d. What is the units digit of b(r)?
6
Suppose 4*u + 36 = 3*q + u, 2*q - 16 = 4*u. Suppose -q = -4*y - 2*v + 2, 26 = 5*y - v. What is the units digit of 12/(-30) + 7/y?
1
Let f be (-17 + 7)*(-4 + 1). Let i = 84 - f. What is the units digit of i?
4
Let y be ((-4)/(-4))/(3/24). Let r be ((-28)/6)/(y/(-12)). Let g = 17 - r. What is the tens digit of g?
1
Let l(j) = 2*j + 19. Let q be l(-8). Suppose 3*b - b - 120 = -q*o, -o - 3*b + 33 = 0. Suppose 0 = -k - 6 + o. What is the tens digit of k?
3
Let k be 4/((6/12)/((-2)/(-4))). Suppose -k*z = 3*b - 2*z - 59, -b + 4*z + 29 = 0. What is the tens digit of b?
2
Suppose -6*r = -2*r + 60. What is the units digit of (-3 - r/12)*-4?
7
Let q be (2 - -1)*16/6. Let m = 3 + q. Let r = 18 - m. What is the units digit of r?
7
Suppose -10*r + 5*r - 20 = 0. Let y be -20 - (-2 + 2 + r). Let l = y - -29. What is the units digit of l?
3
Let k(f) = -19*f + 8. Let r be k(-6). Suppose t = 2*j - 34 + r, 5*j = -5*t + 395. Suppose t = -0*p + 2*p. What is the units digit of p?
1
Let x(j) = -267*j - 1. Let q be x(-1). Suppose -4*t - 3*t = -q. What is the tens digit of t?
3
Suppose 5*s + 5*o = -0*o + 7495, -6 = -3*o. What is the tens digit of s?
9
What is the tens digit of (372 - -4) + (-7 - -4)?
7
Let s = -804 - -1540. What is the tens digit of s?
3
Let m(o) = 6 + 6 + 4*o - 3*o - 5. Let v be m(-5). What is the units digit of v/2*-1 - -18?
7
Let z = -95 + 216. What is the tens digit of z?
2
Let j be 2 - 12/8*2. Let k(l) = -63*l**3 - l - 2. What is the tens digit of k(j)?
6
Let l = 23 + -15. Let z(c) = -c**2 + 10*c - 9. Let d be z(l). Suppose 3*i = -3*q + 90, 0 = 4*i - 4*q - 113 - d. What is the tens digit of i?
3
Let z(c) = 7*c + 7 - 108*c**2 + 117*c**2 + 2*c**3 - 3*c - c**3. What is the units digit of z(-5)?
7
Let p = -33 - -50. Suppose -10*k = -p*k + 966. What is the tens digit of k?
3
Let i(d) = 93*d**2 - 5*d - 14. What is the tens digit of i(-2)?
6
Let j be (3 + -7*6)*-1. Suppose 5*y - j = -2*x, 3*x - 22 = -4*y + 6*x. Let t = 22 - y. What is the tens digit of t?
1
Let m = -18 + 16. Let h be 6 + (m - -4)*-1. Suppose -v + 99 = v + 3*r, -5*v + 244 = h*r. What is the units digit of v?
8
Let g(i) be the second derivative of i**5/20 + 5*i**4/12 - 2*i**3/3 - 3*i**2/2 + 4*i. What is the units digit of g(-5)?
7
Suppose 0 = 3*c + 12 - 0, d - 3*c - 1017 = 0. What is the tens digit of d?
0
Let x(y) = -5*y**3 - 4*y**2 - 5*y - 3. Let z = -18 - -16. What is the tens digit of x(z)?
3
Let z(n) be the third derivative of 2*n**5/15 - n**4/4 - n**3/6 - 3*n**2. What is the tens digit of z(4)?
0
Let s be (-15)/5 - (3 - -280). Let c = -140 - s. What is the units digit of c?
6
What is the hundreds digit of 37/(-111)*(-2318 - -2)?
7
Let g be (-12)/(-8)*-4*1/(-2). Suppose -2*j = g*c - 270, -2*c + 360 = 2*c - 2*j. What is the tens digit of c?
9
Let o(u) = -u**3 + 20*u**2 - 29*u + 62. What is the tens digit of o(18)?
8
Let n be (-3)/15*-2*(6 + -1). Suppose n*h - 620 = -2*t - t, -4*h - 800 = -4*t. What is the tens digit of t?
0
Let y(q) = -q**3 - q**2 - 22*q - 17. What is the hundreds digit of y(-7)?
4
Suppose t - 5429 = c, -16271 = -3*t - 3*c + 2*c. What is the hundreds digit of t?
4
Let c = -90 + 95. Suppose 2*n - 2*m - 344 = -m, -c*n = m - 846. What is the tens digit of n?
7
Let m(a) = a**3 - 25*a**2 - 28*a + 144. What is the tens digit of m(26)?
9
Let y = -36 - -38. Let p(s) = 14*s**2 - s. What is the units digit of p(y)?
4
Let x(y) be the second derivative of 9*y**5/20 - y**4/6 + y**3/2 - 5*y**2 - 10*y. What is the hundreds digit of x(3)?
2
Suppose 5*t - 10121 = 2109. What is the thousands digit of t?
2
Let u be (8/6)/((-7)/(-21)). Suppose u*f + 130 = -f. What is the units digit of (-306)/(-7) + f/(-91)?
4
Suppose -j = -2*g - 1307, -5*j + 9232 = 5*g + 2772. What is the tens digit of j?
9
Let z = -23 - -17. Let x be (-6)/(-4)*(-76)/z. Suppose x = 4*l - 65. What is the units digit of l?
1
Let m(u) = -9*u - 147. What is the tens digit of m(-37)?
8
Let r = 105 - 106. What is the units digit of 4/(-4) - 56/r?
5
Let o = 30 + -42. Let s be o + (2 - (-4)/(-1)). Let c(q) = -q**2 - 17*q + 8. What is the tens digit of c(s)?
5
What is the hundreds digit of -6*(-12)/32*332?
7
Let v(l) = 31*l**2 + 7*l. Let h be v(4). Let f = h + -226. What is the units digit of f?
8
Let c(q) = -3*q + 15. Let r be c(6). Let j(y) be the second derivative of -7*y**3/6 + y**2/2 - 3*y. What is the tens digit of j(r)?
2
Let d(i) = -i**2 + 9*i + 12. Let g be d(10). Let s be 5/(20/34)*g. What is the tens digit of (12 - s)*1*-5?
2
Let v = 164 + -35. Suppose 0 = -2*t - 0*t + 8. Suppose t*c - 3*j = 2*j + 105, -4*c - 3*j = -v. What is the units digit of c?
0
Let w(g) = -19*g + 4. Let d be w(-8). Suppose j + 5*j = d. What is the units digit of j?
6
Let q(a) = -a**3 + 10*a**2 - 7*a + 8. Let j = 7 - 9. Let k(w) = w**3 - 10*w**2 + 7*w - 8. Let r(g) = j*q(g) - 3*k(g). What is the units digit of r(9)?
6
Suppose -2889 = -8*l + 36087. What is the hundreds digit of l?
8
Let g = -139 - -246. What is the tens digit of g?
0
Suppose 2*p + 37 = -15. Let b = p - -71. Suppose -2*a = a - b. What is the tens digit of a?
1
Let r(i) = -288*i - 21. Let h(o) = -72*o - 5. Let j(b) = -9*h(b) + 2*r(b). What is the tens digit of j(1)?
7
Let i(l) = 3*l**2 + 30*l + 105. What is the thousands digit of i(27)?
3
Let a be (2 - 2) + 0/(-3). Suppose g + 0*g - 92 = -5*v, 5*g + 5*v - 480 = a. What is the tens digit of g?
9
Let z(s) = -s**3 - 7*s**2 + 5. Let a be z(-7). Suppose 0*h + 15 = a*h, -5*w + 5*h = 245. Let j = w + 89. What is the units digit of j?
3
Let l(m) = 8*m**3 + m**2 + 7*m - 2. Let x(n) = -n**3 - n**2 - n. Let b(g) = l(g) + 4*x(g). Let r = 0 - -2. What is the units digit of b(r)?
4
Suppose 6*k = 16*k - 13490. What is the thousands digit of k?
1
Let f(k) = -1279*k + 49. What is the units digit of f(-2)?
7
Let j(u) = -1029*u - 580. What is the thousands digit of j(-3)?
2
Suppose f = -5*z + 4, -4*z - f = 2*f - 1. What is the units digit of z?
1
Let l be 155/10 + 1/(-2). Suppose -5*y + q = -23, 0 = -2*y + 4*q + l + 5. What is the units digit of y?
4
Suppose -100*h + 93*h = -14483. What is the thousands digit of h?
2
Let b be 7 + (3 + -3)*-1. Let a = -4 + b. What is the units digit of a?
3
Let l(w) = 12*w**2 + 4*w. Let r be l(2). What is the tens digit of 1*(0 + -1) - (-8 - r)?
6
Suppose 2*u - 373 = -2*o - 3*o, 0 = 3*o - u - 215. What is the tens digit of o?
7
Let s(d) = 13*d - 12. Let b(q) = 4*q - 9. Let j(n) = -n - 1. Let t(p) = 2*b(p) - 6*j(p). Let z(x) = 7*s(x) - 6*t(x). What is the units digit of z(5)?
3
What is the units 